-9
Let i(y) = y**2 + 10*y + 16. Give i(-9).
7
Let r(a) = -11*a - 2. Determine r(2).
-24
Let p(j) = 2*j**3 - 29*j**2 - 13*j - 25. What is p(15)?
5
Let q(l) = l**2 - 72*l - 1103. Calculate q(85).
2
Let s(c) = c**3 + 10*c**2 + 10*c + 10. Determine s(-9).
1
Let j(s) = -s**3 + 30*s**2 + 7*s - 227. What is j(30)?
-17
Let c(n) = n**2 + 15. Calculate c(0).
15
Let z(u) = -30*u - 192. Determine z(-6).
-12
Let f(c) = -6*c + 50. What is f(9)?
-4
Let o(p) = -3*p - 11. Calculate o(-3).
-2
Let q(a) = a**2 - 10*a - 3. What is q(11)?
8
Let g(i) = -i**2 + 33*i - 210. What is g(9)?
6
Let s(z) = 2*z. Give s(-6).
-12
Let r(h) = -h**2 - 8*h - 20. Determine r(-5).
-5
Let q(h) = 4*h + 8. Calculate q(-8).
-24
Let v(n) = -3*n + 66. What is v(20)?
6
Let n(k) = k**2 + 15*k + 25. Calculate n(-10).
-25
Let l(p) = 3*p**2 + 19*p - 8. Determine l(-7).
6
Let r(k) = 36*k + 7. Give r(-2).
-65
Let h(s) = -s**3 + s + 2. Determine h(2).
-4
Let s(d) = -12*d. Give s(-1).
12
Let k(o) = -19*o + 176. Calculate k(9).
5
Let c(i) = i**3 + 18*i**2 + 15*i - 36. What is c(-17)?
-2
Let k(g) = g**3 - 8*g**2 - 9*g - 13. What is k(9)?
-13
Let g(o) = o**3 - 10*o**2 - 14. What is g(10)?
-14
Let g(z) = 5*z + 2. What is g(9)?
47
Let i(d) = -d**2 - 24*d + 94. Calculate i(-27).
13
Let b(c) = c**2 - 8. Give b(0).
-8
Let z(c) = 5*c - 42. Determine z(8).
-2
Let q(i) = 12*i - 59. What is q(7)?
25
Let k(u) = u - 9. Give k(15).
6
Let c(u) = -24*u**3 - 2*u**2 + 1. Calculate c(1).
-25
Let c(f) = -f**2 + 7. Determine c(-4).
-9
Let a(i) = -2*i**2 + 5*i - 2. Determine a(2).
0
Let w(j) = -j**3 - 24*j**2 - 42*j + 5. Give w(-22).
-39
Let n(o) = o**2 + 10*o - 53. Determine n(5).
22
Let d(c) = 4*c - 22. What is d(15)?
38
Let q(r) = -65*r + 260. Give q(4).
0
Let u(l) = -2*l**3 - 2*l**2 - 2*l + 2. What is u(2)?
-26
Let t(d) = 2*d**2 + 10*d - 41. What is t(-8)?
7
Let v(k) = -k**2 + 23*k + 23. Give v(24).
-1
Let s(k) = -k**2 + 4*k + 14. Give s(6).
2
Let y(a) = -a**3 - 23*a**2 + 23*a - 34. What is y(-24)?
-10
Let v(a) = -a**3 - 20*a**2 - 20*a - 27. Calculate v(-19).
-8
Let u(x) = -49*x - 202. Give u(-4).
-6
Let w(t) = 118*t**3 + 3*t**2 - 3*t + 1. Calculate w(1).
119
Let s(f) = f**2 - 6*f + 12. Give s(9).
39
Let o(s) = 3*s**3 - s**2 + 2*s. Determine o(1).
4
Let x(k) = -154*k**2 - 3*k + 2. Give x(1).
-155
Let h(w) = -w**3 - 8*w**2 - w - 6. Calculate h(-8).
2
Let t(y) = -3*y - 1. Calculate t(14).
-43
Let i(a) = a**2 + a - 5. Give i(-4).
7
Let d(g) = 6*g + 73. Calculate d(-12).
1
Let r(p) = -2*p + 11. Give r(3).
5
Let r(v) = -v**3 + 16*v**2 + 2*v - 19. Determine r(16).
13
Let d(z) = z**2 + 3*z - 7. Determine d(4).
21
Let c(o) = o**3 - 2*o**2 - 8*o - 28. Calculate c(0).
-28
Let j(k) = 2*k + 9. Give j(-7).
-5
Let x(o) = -3*o**3 + 9*o + 18. Calculate x(-2).
24
Let i(q) = -3*q - 11. What is i(3)?
-20
Let f(m) = 3*m. Calculate f(5).
15
Let k(d) = -d**2 - 29*d - 97. Determine k(-25).
3
Let v(j) = -j**2 - 8*j + 12. Determine v(-11).
-21
Let i(o) = -26*o + 206. Determine i(8).
-2
Let n(o) = -o**3 - 6*o**2 + 14*o + 4. Calculate n(2).
0
Let c(m) = -22*m + 372. What is c(16)?
20
Let t(o) = -o**2 - 36*o + 153. Give t(-40).
-7
Let w(s) = -2*s**3 - 19*s**2 + 10*s - 5. Give w(-10).
-5
Let l(o) = -2*o - 16. Calculate l(-12).
8
Let v(s) = 2*s + 15. Calculate v(-11).
-7
Let c(s) = s + 32. Give c(2).
34
Let d(g) = -30*g + 456. What is d(15)?
6
Let k(q) = -q**3 - q**2 + 6*q - 14. Calculate k(2).
-14
Let z(g) = -g**3 - 5*g**2 + 13*g - 23. What is z(-8)?
65
Let n(r) = -7*r**2 - 4*r. Determine n(-4).
-96
Let b(l) = l - 16. Calculate b(0).
-16
Let t(y) = y**3 - 8*y**2 + 10*y - 11. What is t(7)?
10
Let n(r) = -r**3 - 15*r**2 + 13*r - 54. Give n(-16).
-6
Let l(n) = 4*n**2 + 37*n - 19. Calculate l(-10).
11
Let x(b) = -5*b**2 + 2*b. Calculate x(1).
-3
Let d(r) = r**3 - 9*r**2 + 6*r + 33. What is d(8)?
17
Let z(r) = -13*r - 5. Calculate z(6).
-83
Let g(b) = 7*b + 16. Calculate g(0).
16
Let k(w) = -w**2 - 8*w - 9. Determine k(-7).
-2
Let i(w) = -w**2 + 9*w - 2. Give i(9).
-2
Let j(f) = -f**3 - 8*f**2 + 50*f + 18. Calculate j(-12).
-6
Let p(l) = l**3 + 20*l**2 + 34*l - 37. Calculate p(-18).
-1
Let i(f) = 4*f**2 + f + 2. Determine i(-1).
5
Let v(g) = -2*g**2 + 5*g + 2. Determine v(5).
-23
Let h(t) = t**2 + t - 1. Determine h(1).
1
Let y(b) = b**2 + 18*b + 35. Determine y(-16).
3
Let y(q) = 5*q**2 + 12*q - 1. Give y(-2).
-5
Let v(x) = -5*x - 32. Determine v(-13).
33
Let m(q) = q**3 + 9*q**2 - 9*q + 20. Determine m(-10).
10
Let x(n) = -n**2 + 31*n - 5. What is x(31)?
-5
Let q(v) = -v**3 - 6*v**2 + 9*v + 17. Give q(-7).
3
Let d(o) = -o**2 + 21*o + 1. What is d(21)?
1
Let b(c) = 4*c**2 - 61*c - 21. Calculate b(16).
27
Let l(o) = -o**3 + 9*o**2 - 13*o + 4. Determine l(7).
11
Let j(v) = v**3 + 8*v**2 + 7*v + 5. What is j(-7)?
5
Let h(b) = -4*b**2 - 34*b - 7. Determine h(-7).
35
Let a(y) = -7*y + 11. Calculate a(-7).
60
Let v(x) = -6*x - 108. Give v(-15).
-18
Let l(j) = j**2 + 20*j + 24. Calculate l(-18).
-12
Let w(j) = -j**2 - 21*j + 188. What is w(7)?
-8
Let i(z) = -4*z + 9. Calculate i(3).
-3
Let q(y) = -22*y - 9. Determine q(3).
-75
Let n(d) = d**3 + 3*d**2 - 3*d - 1. Calculate n(-4).
-5
Let a(n) = n**2 + 21*n - 283. What is a(9)?
-13
Let m(t) = -t**2 - 6*t - 2. Calculate m(-3).
7
Let t(g) = g**3 - 11*g**2 + 9*g + 6. What is t(10)?
-4
Let k(z) = 21*z**2 + 3*z + 1. Give k(0).
1
Let b(v) = -63*v + 132. Determine b(2).
6
Let p(j) = 4*j + 14. Calculate p(-3).
2
Let c(z) = -9*z - 129. Determine c(-15).
6
Let d(i) = i + 5. Determine d(11).
16
Let q(b) = 19*b**2 - 3*b + 1. Calculate q(2).
71
Let i(p) = 2*p**3 + 4*p**2 + 3*p. Determine i(-2).
-6
Let z(d) = 17*d - 57. Calculate z(2).
-23
Let b(p) = p**3 - 12*p**2 + 15*p - 29. What is b(11)?
15
Let n(k) = -6*k**3 + 4*k + 5. What is n(-1)?
7
Let f(l) = l**3 + 9*l**2 + 7*l - 4. Calculate f(-8).
4
Let k(i) = 3*i**2 - 17*i - 7. Calculate k(5).
-17
Let w(u) = -u**2 - 3*u - 3. Give w(3).
-21
Let x(a) = -a**2 + 3*a + 35. Determine x(-6).
-19
Let g(s) = s**2 + 12*s + 12. Calculate g(-10).
-8
Let g(f) = 9*f + 32. Give g(0).
32
Let r(m) = -9*m - 1. Give r(-2).
17
Let s(f) = -8*f + 88. Give s(11).
0
Let n(q) = -4*q - 25. Determine n(-8).
7
Let f(h) = 15*h**2 - 75*h - 6. Give f(5).
-6
Let s(k) = -2*k**2 - 7*k + 21. What is s(-6)?
-9
Let w(d) = -d**3 - 7*d**2 - 5*d + 4. Calculate w(-6).
-2
Let m(b) = 2*b**2 + b - 8. Give m(6).
70
Let q(f) = -f**2 - 10*f + 37. Calculate q(-13).
-2
Let s(o) = o - 17. Give s(16).
-1
Let m(q) = -q**3 - 8*q**2 + 6*q + 1. What is m(1)?
-2
Let b(m) = m**2 - 7*m + 7. Give b(5).
-3
Let v(y) = -y**2 + 2*y + 40. Calculate v(8).
-8
Let f(b) = b**3 - 13*b**2 + 7*b + 9. Give f(12).
-51
Let k(o) = -o**2 + 45*o + 130. Give k(-3).
-14
Let a(x) = -x**2 + 11*x - 13. Calculate a(7).
15
Let g(h) = -h**2 - h. Calculate g(-3).
-6
Let t(y) = 2*y - 9. Give t(6).
3
Let z(a) = 2*a**2 - 39*a + 19. Determine z(19).
0
Let u(z) = -14*z + 201. What is u(14)?
5
Let i(c) = c**3 + 3*c**2 + c - 6. What is i(0)?
-6
Let b(n) = -n**2 + 3*n + 10. What is b(-3)?
-8
Let u(t) = 3*t + 5. What is u(-13)?
-34
Let x(b) = -b**2 + 29. What is x(0)?
29
Let v(i) = i**3 - 8*i**2 + 2*i - 24. Calculate v(7).
-59
Let a(p) = -p**2 + 23*p - 46. Calculate a(21).
-4
Let n(o) = -o**2 + 8*o - 19. What is n(3)?
-4
Let x(n) = -4*n**2 + 5*n + 17. What is x(-3)?
-34
Let p(d) = -d - 14. Calculate p(-5).
-9
Let p(v) = 3*v - 68. Give p(29).
19
Let t(a) = -a**2 - 27*a + 292. Calculate t(-35).
12
Let r(v) = 9*v + 16. What is r(-2)?
-2
Let c(g) = 2*g**2 - 6*g - 8. What is c(4)?
0
Let u(l) = l**2 + 3*l + 6. What is u(-5)?
16
Let u(x) = 4*x + 62. Calculate u(-17).
-6
Let v(m) = m**2 + 26*m - 309. What is v(-35)?
6
Let g(j) = 6*j + 220. Determine g(-36).
4
Let o(v) = -v - 10. Calculate o(-6).
-4
Let l(m) = m - 10. Calculate l(6).
-4
Let r(o) = 2*o + 24. Determine r(-26).
-28
Let s(f) = 2*f + 4. Determine s(8).
20
Let m(l) = l**3 - 5*l**2 - 8*l - 5. Give m(6).
-17
Let z(g) = -g**3 + 9*g**2 - 5*g - 35. Calculate z(8).
-11
Let l(i) = 8*i + 87. What is l(-8)?
23
Let b(y) = -y**2 + 24*y - 26. Determine b(23).
-3
Let u(c) = c + 39. Calculate u(-36).
3
Let m(n) = -n**3 + 4*n**2 + 15*n - 16. Calculate m(6).
2
Let p(s) = -40*s - 4. Give p(-1).
36
Let a(x) = -x**2 + 33*x - 107. Calculate a(29).
9
Let z(v) = 4*v + 137. Calculate z(-32).
9
Let p(i) = -i**2 + 19*i + 18. Calculate 